(o). Let d(k) = k**3 - a + 0*k**3 + 1. Determine d(0).
-5
Let d(q) be the second derivative of 1/2*q**2 + q + 0 + 1/6*q**3 - 2/3*q**4. Suppose 0 = 5*j - 1 + 16, 0 = 2*v - 2*j - 4. Give d(v).
-8
Suppose -2*j - 5 = -0*i + i, 4*i = -3*j - 20. Let w(t) = -t**3 - 4*t**2 + 6*t. Give w(i).
-5
Let i = -2 + 13. Let v = i - 6. Let q(w) = -w - 5 + 5. Give q(v).
-5
Suppose 2*w - 2*m - 14 = -0, -m = w - 7. Let d(h) = h - 6. Calculate d(w).
1
Suppose 2*x = -2*l - 0*l + 16, -x - 3*l = -16. Let w be (-10)/(-2)*(-1)/(-1). Suppose -w*r + x = -r. Let n(i) = 2*i + 1. What is n(r)?
3
Let h(q) be the third derivative of q**8/20160 - q**7/1260 - 7*q**5/60 - 6*q**2. Let k(a) be the third derivative of h(a). Determine k(2).
-4
Let y(f) be the third derivative of f**6/120 - 11*f**5/60 + 11*f**4/24 - 5*f**3/3 - 2*f**2 + 5*f. What is y(10)?
0
Suppose -t + 4*t = 0. Suppose t = l - 3*l + 6, 0 = 3*c + 4*l - 21. Let i(d) = -d**3 + 4*d**2 - 4*d. Calculate i(c).
-3
Let c(x) = 2 + 2*x - 3*x + 0*x. What is c(5)?
-3
Let a(k) = 2*k**2 - 6*k. Let f = -5 - -9. Give a(f).
8
Let i = -12 + 14. Let f(j) = -19*j + 22. Let w(z) = 9*z - 11. Let v(u) = -4*f(u) - 7*w(u). Let a(y) = -6*y + 5. Let h(x) = -7*a(x) - 3*v(x). Give h(i).
4
Let q(f) = -5 + 7 - 5*f**3 - 1 + 2*f. Give q(-1).
4
Let l(z) = -z**2 - 7*z - 8. Suppose -14*m + 24 = -18*m. What is l(m)?
-2
Let s(m) = -2*m - 6. Let d be s(-5). Let k(q) = q**2 - q + 3. What is k(d)?
15
Let i(d) = -d - 1. Let g be i(-2). Let n = 1 - 0. Let h(t) = -t**3 - 2*t**3 + n - 2*t + 0 + 2*t**3. Calculate h(g).
-2
Let b(a) = -a**3 + 4*a**2 - a - 3. Let s(p) = -2*p - 4. Let o be s(-2). Suppose 4 = t - o. Determine b(t).
-7
Let g(f) = -4*f**2 - 18*f + 0*f**2 + 3*f**2 + 25*f. What is g(6)?
6
Let i be 4*(17/(-4) - -2). Let s be (-3)/i - 11/(-3). Let v(z) be the first derivative of -z**3/3 + 2*z**2 - 4*z - 1. What is v(s)?
-4
Let l(p) = -8*p - 19 + 12 + p**2 + 3*p. What is l(6)?
-1
Let s(n) = n + 3. Let b(h) = 2. Let l(q) = -5*b(q) + s(q). Let x = 17 + -11. What is l(x)?
-1
Let m(t) = t**3 + 5*t**2 - 5*t + 3. Let s(l) = 3*l**3 + 16*l**2 - 16*l + 10. Let i(v) = 7*m(v) - 2*s(v). Let d be i(-4). Let f(q) = -q**2 - q. Determine f(d).
-6
Let o(x) = -4*x + 7. Let v(s) = 3*s - 5. Let a(g) = 5*o(g) + 7*v(g). Calculate a(-3).
-3
Let z(o) = o + 5. Suppose -3*p - w + 16 = 0, 0*w + 20 = 3*p + 2*w. Determine z(p).
9
Suppose -3*y = 3*n + 9, 4*y + 2*n = -0*y - 4. Let i(z) be the third derivative of z**4/4 + z**3/6 - z**2. What is i(y)?
7
Let n be 185/74 + 5/(-2). Let u(c) = -c + 2 - 7 + 2*c. What is u(n)?
-5
Let d(n) = 54*n**2 - 101*n**2 + 63*n**2 + 2 + n - 3. Give d(1).
16
Let k(l) = l**3 - l**2 - l + 1. Let f(a) = 3*a**3 - 8*a**2 + 3*a + 6. Let x(c) = f(c) - 4*k(c). What is x(-5)?
-8
Let f(h) = 18 + 3*h - 7 - 4*h + 0*h. Let i(o) = -1. Let u(q) = -f(q) - 5*i(q). Give u(6).
0
Suppose 0 = 5*a - 0*a - 5. Let y(g) = -2 + 0*g + 3 + 3*g. Calculate y(a).
4
Let r(t) = -t**3 - 2*t**2 - 3. Suppose 0*w = -w - 4. Let j be 4/(-8)*w/2. Let p be (0 - 1)*j + -2. Give r(p).
6
Let n(c) = -2*c**2 - 5. Let t be n(0). Let i(h) = h - 1. Give i(t).
-6
Let x(n) be the second derivative of n**4/24 + n**3/2 - 3*n**2 + 2*n. Let t(r) be the first derivative of x(r). Give t(0).
3
Let u(l) be the second derivative of -l**3/6 + 23*l**2/2 - 5*l - 6. Determine u(10).
13
Let v(i) = -4 + 3*i**2 - 6*i + 4*i - 4*i**2 + i**3. Suppose d = 9 - 6. Determine v(d).
8
Let l(o) = -103*o**2 + 5 + o**3 + 108*o**2 - 3*o - 2*o. Give l(-6).
-1
Suppose -n + 2*y = 7, 3*n + 2*y + 2*y - 29 = 0. Let f(a) = -3*a - a + n*a - 4*a**2. Let o = 9 - 8. Calculate f(o).
-5
Suppose 0*h = -3*h - 3*y - 15, -3*y = -h + 15. Suppose 12 = 3*i - 6. Let t(d) = d**2 - i + 2*d + 3*d - d - 5*d. What is t(h)?
-6
Let b(g) = -7*g - 6 - 3*g**2 + 4*g**2 - 4*g**2 + 2*g**2. Give b(-7).
-6
Let x(p) = -4 + p + 7 - 6*p - p**2. Suppose -3 - 17 = -4*u. Let w be (-3 + 5)*u/(-2). Give x(w).
3
Let t(h) = h - 6. Let r be t(9). Let c(d) = 1 + 4 + r*d**2 - 2*d**2 + 8*d - 1. Determine c(-6).
-8
Suppose 2*i - 65 = 7*i. Let q be (-1)/2 - i/(-26). Let z(k) = 7*k**3 + k**2 - k - 1. What is z(q)?
-6
Let p(f) = 2*f**3 + 6*f**2 + 7*f + 13. Let m(q) = 3*q + 6 - q**3 + q**3 + q**3 + 3*q**2. Let v(h) = -7*m(h) + 3*p(h). Let u be 2/7 + 23/(-7). Give v(u).
-3
Suppose 0*u = -2*u + 18. Let o be 6/u*-3*-1. Let x(d) = -2 + d**o + 3 - 2*d - 5. Give x(3).
-1
Let a(q) = -q**3 + 3*q**2 + 5*q + 3. Let z = 13 + -9. What is a(z)?
7
Let q be (-2)/(-4) + 14/(-4). Let a(t) = -3*t**3 - 3*t - 8. Let j(m) = -8*m**3 + m**2 - 8*m - 23. Let c(w) = 11*a(w) - 4*j(w). Determine c(q).
-2
Suppose 0 = 3*f - g - 16, -3*f - 3*g - g = 4. Suppose 2*b - 11 = -w, f*w + b + 4 = 5*b. Let a(v) = -4 + 3 + 4 + v**3 - 3*v - 2*v**2 - 2*v. Determine a(w).
-3
Let n be (16/(-20))/(2/(-15)). Suppose 2*c = -2 - n. Let x = c - 1. Let j(m) = -m - 6. Calculate j(x).
-1
Suppose -4*i = -2*i - 4. Suppose -2*b + 22 = -2*z, 0 = i*z + z - 5*b + 43. Let s(v) = v**3 + 6*v**2 + v - 6. What is s(z)?
-12
Let n(z) = -z - 3. Suppose -24 = -2*j - 4*s, 4*j + 12 = 5*j - 5*s. Suppose -7*r + t + j = -4*r, 2*r + 2*t = 0. Suppose 0 = -i - r*i. Calculate n(i).
-3
Let f(b) = -b**2 - 3*b**3 - b + 2*b**3 + b. Let p(v) = 4*v**3 + 3*v**2 + 3*v + 4. Let t(q) = -5*f(q) - p(q). Calculate t(-3).
-4
Let q(o) be the second derivative of o**5/10 - o**4/4 + o**3/3 + o**2 + 6*o. What is q(2)?
10
Suppose -3*x + 2*t = -12, 5*t - 2 = -4*x - 9. Suppose m - x = -4. Let a(c) = -5*c - 3. Calculate a(m).
7
Let v(q) be the third derivative of q**2 + 0 + 0*q - 1/3*q**3 - 1/8*q**4 - 1/60*q**5. Calculate v(-3).
-2
Let s(v) = -8*v**3 + v**2 - v + 1. Let a be (3/2)/((-45)/(-30)). Give s(a).
-7
Let f(o) = o**3 - 6*o**2 + o + 5. Let j be f(5). Let h be (-1)/(-3)*(0 - j). Let p(r) = -r - 3*r + h*r. Give p(4).
4
Let l(i) = i**3 - i**2 - 2*i + 2. Let r be l(2). Suppose x - 18 = -r*x. Let k(d) be the second derivative of d**4/12 - d**3 - 7*d**2/2 + 4*d. Give k(x).
-7
Let f(b) be the third derivative of b**6/8 + b**4/24 - b**3/6 + 28*b**2. Calculate f(1).
15
Let h = -4 - -8. Let d(n) be the third derivative of 0 + 0*n - 2*n**2 - 1/12*n**4 + 1/3*n**3. Calculate d(h).
-6
Let g be (1 + 1 + -2)*1. Suppose a + a - 4 = g. Let n(w) be the third derivative of w**5/30 - w**4/8 + w**3/3 + 2*w**2. Determine n(a).
4
Let z(r) = 3 + 0 + r - 2. Suppose d = -2*d + 9. Suppose 0 = -d*y - v - 12, 5*v = -2*y + 5. What is z(y)?
-4
Let l(y) = -y + 3. Let z be 15*(0 - -3)/9. What is l(z)?
-2
Let i(b) = b**2 - 10*b - 11. Let r be i(11). Let t(d) = 5 + r + 6*d**2 - 4. Calculate t(1).
7
Let a(b) = 7*b + 9*b**2 - 3*b**3 - 4*b**2 - 6 + 2*b**3. Determine a(6).
0
Let j(y) = 2*y**3 + 0*y**2 + 5*y - y**3 - 6*y**2 + 6. Suppose 3*i = -3*l + 13 + 17, 0 = l + 2*i - 15. Give j(l).
6
Let k be 63/(-12) - (-2)/8. Suppose -2*u - 2 = -6. Let s(w) = 3*w**3 + 3*w**2 - 5. Let n(q) = q**3 + q**2 - 2. Let h(z) = k*n(z) + u*s(z). Determine h(-1).
0
Let a(b) = 5*b**2. Suppose -13*s + 4 = -9*s. What is a(s)?
5
Suppose -2*h = 2*v - 22, 0*v = -4*v - 5*h + 43. Let g be 6/4*16/v. Let b(r) = r**2 - r. What is b(g)?
2
Let c(g) = -4*g**2 - 2*g - 1. Suppose -3*s + 30 = -4*i - 34, 0 = 3*s - 3*i - 63. Suppose -3*q + 6 = -3*b, -5*q - 6*b - s = -b. What is c(q)?
-3
Let q = -6 + 6. Let g be (-2 + 2)/(2 - q). Let m(j) = j + g + 2 - 4*j + 4. What is m(5)?
-9
Suppose -3*z - 5*n - 5 = -2*z, -z - 3*n - 3 = 0. Let i(u) = 0 + z - u - 2. Let t = -14 + 13. Give i(t).
-1
Let l(d) = -5*d - 4. Let q be l(-3). Let h(x) = -14*x - 12. Let p(j) = 5*j + 4. Let w(m) = q*p(m) + 4*h(m). What is w(3)?
-7
Let h(w) = 5 + 2 - 3 - w**3 + 2*w**3. Determine h(0).
4
Let k be ((-2)/2)/(1/3). Let r(j) = -6*j. What is r(k)?
18
Let z(w) = w. Let o(i) = -9*i + 3. Let g(a) = -o(a) - 6*z(a). Give g(5).
12
Let i(n) be the first derivative of -5*n**2/2 + n + 1. Let m = -8 - -7. What is i(m)?
6
Let q(z) = z**3 - 2 + 2*z**2 - 2*z**2 + z**2. Let n = 191 + -193. Calculate q(n).
-6
Suppose -3*r + m - 4 = 5*m, -5*r + 3*m + 3 = 0. Let t(c) = c + c**3 + 1 - 6*c**3 + 0*c**3 - c**2 + r*c**2. Give t(-1).
4
Let t(o) be the first derivative of o**2/2 + o + 4. Let g(m) = -3*m**2 - 8*m - 8. Let z(i) = g(i) + 6*t(i). Calculate z(-2).
-10
Let p(a) = -3*a + 2. Suppose 0 = 5*o - b, -3*o - 2*o + 4*b - 15 = 0. Let n = 1 + o. Calculate p(n).
-4
Let n(g) = -g**3 + 4*g**2 - 2*g + 4. Let u = -15 + 